{"id":503,"date":"2019-12-26T13:33:34","date_gmt":"2019-12-26T13:33:34","guid":{"rendered":"https:\/\/ninetheme.com\/themes\/r-energy\/?page_id=503"},"modified":"2021-04-04T17:36:51","modified_gmt":"2021-04-04T17:36:51","slug":"our-contacts","status":"publish","type":"page","link":"https:\/\/carfer.energy\/index.php\/our-contacts\/","title":{"rendered":"Our Contacts"},"content":{"rendered":"\t\t<div data-elementor-type=\"wp-page\" data-elementor-id=\"503\" class=\"elementor elementor-503\" data-elementor-settings=\"[]\">\n\t\t\t\t\t\t\t<div class=\"elementor-section-wrap\">\n\t\t\t\t\t\t\t<section class=\"elementor-section elementor-top-section elementor-element elementor-element-5ca529 elementor-section-stretched elementor-section-full_width elementor-section-height-default elementor-section-height-default\" data-id=\"5ca529\" data-element_type=\"section\" data-settings=\"{&quot;stretch_section&quot;:&quot;section-stretched&quot;}\">\n\t\t\t\t\t\t<div class=\"elementor-container elementor-column-gap-no\">\n\t\t\t\t\t<div class=\"elementor-column elementor-col-100 elementor-top-column elementor-element elementor-element-7f806cf0\" data-id=\"7f806cf0\" data-element_type=\"column\">\n\t\t\t<div class=\"elementor-widget-wrap elementor-element-populated\">\n\t\t\t\t\t\t\t\t<div class=\"elementor-element elementor-element-25b69deb elementor-widget elementor-widget-r-energy-page-hero-section\" data-id=\"25b69deb\" data-element_type=\"widget\" data-widget_type=\"r-energy-page-hero-section.default\">\n\t\t\t\t<div class=\"elementor-widget-container\">\n\t\t\t<div class=\"promo-primary\"><div class=\"overlay\"><\/div><picture><source srcset=\"https:\/\/carfer.energy\/wp-content\/uploads\/2019\/12\/contacts.jpg\" media=\"(min-width: 992px)\"\/><img class=\"img-bg\" src=\"https:\/\/carfer.energy\/wp-content\/uploads\/2019\/12\/contacts.jpg\" alt=\"contacts.jpg\"\/><\/picture><div class=\"container\"><div class=\"row\"><div class=\"col-12\"><div class=\"align-container\"><div class=\"align-item\"><span class=\"site__name\">Carfer Energy<\/span><h1 class=\"title\">Entra en contacto<\/h1><\/div><\/div><\/div><\/div><\/div><\/div>\t\t<\/div>\n\t\t\t\t<\/div>\n\t\t\t\t\t<\/div>\n\t\t<\/div>\n\t\t\t\t\t\t\t<\/div>\n\t\t<\/section>\n\t\t\t\t<div class=\"elementor-section elementor-top-section elementor-element elementor-element-6a6a2e6 elementor-section-stretched elementor-section-full_width nt-section section default-indent elementor-section-height-default elementor-section-height-default\" data-id=\"6a6a2e6\" data-element_type=\"section\" data-settings=\"{&quot;stretch_section&quot;:&quot;section-stretched&quot;}\">\n\t\t\t\t\t\t<div class=\"elementor-container elementor-column-gap-no\">\n\t\t\t\t\t<div class=\"elementor-column elementor-col-100 elementor-top-column elementor-element elementor-element-be497d2\" data-id=\"be497d2\" data-element_type=\"column\">\n\t\t\t<div class=\"elementor-widget-wrap elementor-element-populated\">\n\t\t\t\t\t\t\t\t<section class=\"elementor-section elementor-inner-section elementor-element elementor-element-5de8d31 elementor-section-boxed elementor-section-height-default elementor-section-height-default\" data-id=\"5de8d31\" data-element_type=\"section\">\n\t\t\t\t\t\t<div class=\"elementor-container elementor-column-gap-default\">\n\t\t\t\t\t<div class=\"elementor-column elementor-col-50 elementor-inner-column elementor-element elementor-element-9616090\" data-id=\"9616090\" data-element_type=\"column\" data-settings=\"{&quot;background_background&quot;:&quot;classic&quot;}\">\n\t\t\t<div class=\"elementor-widget-wrap elementor-element-populated\">\n\t\t\t\t\t<div class=\"elementor-background-overlay\"><\/div>\n\t\t\t\t\t\t\t\t<div class=\"elementor-element elementor-element-df9cc6f elementor-widget elementor-widget-heading\" data-id=\"df9cc6f\" data-element_type=\"widget\" data-widget_type=\"heading.default\">\n\t\t\t\t<div class=\"elementor-widget-container\">\n\t\t\t<h4 class=\"elementor-heading-title elementor-size-default\">\u00bfTiene un proyecto en mente?<\/h4>\t\t<\/div>\n\t\t\t\t<\/div>\n\t\t\t\t<div class=\"elementor-element elementor-element-afe6b18 elementor-widget elementor-widget-heading\" data-id=\"afe6b18\" data-element_type=\"widget\" data-widget_type=\"heading.default\">\n\t\t\t\t<div class=\"elementor-widget-container\">\n\t\t\t<p class=\"elementor-heading-title elementor-size-default\">Si desea m\u00e1s informaci\u00f3n sobre CARFER Energy o quiere ampliar informaci\u00f3n sobre alguno de los servicios que ofrecemos, no dude en ponerse en contacto con nosotros.\n<br>\n<br>\nGracias!<\/p>\t\t<\/div>\n\t\t\t\t<\/div>\n\t\t\t\t\t<\/div>\n\t\t<\/div>\n\t\t\t\t<div class=\"elementor-column elementor-col-50 elementor-inner-column elementor-element elementor-element-8c3d88b\" data-id=\"8c3d88b\" data-element_type=\"column\">\n\t\t\t<div class=\"elementor-widget-wrap elementor-element-populated\">\n\t\t\t\t\t\t\t\t<div class=\"elementor-element elementor-element-f4c6b1e elementor-widget elementor-widget-r-energy-section-heading\" data-id=\"f4c6b1e\" data-element_type=\"widget\" data-widget_type=\"r-energy-section-heading.default\">\n\t\t\t\t<div class=\"elementor-widget-container\">\n\t\t\t<div class=\"heading primary-heading\"><h5 class=\"subtitle\"><span>Env\u00edanos un<\/span> <span>Email<\/span><\/h5><\/div>\t\t<\/div>\n\t\t\t\t<\/div>\n\t\t\t\t<div class=\"elementor-element elementor-element-bd9d5d8 elementor-widget elementor-widget-r-energy-contact-form-7\" data-id=\"bd9d5d8\" data-element_type=\"widget\" data-widget_type=\"r-energy-contact-form-7.default\">\n\t\t\t\t<div class=\"elementor-widget-container\">\n\t\t\t<div class=\"section-contact get-in-touch\"><div role=\"form\" class=\"wpcf7\" id=\"wpcf7-f506-o1\" lang=\"en-US\" dir=\"ltr\">\n<div class=\"screen-reader-response\"><p role=\"status\" aria-live=\"polite\" aria-atomic=\"true\"><\/p> <ul><\/ul><\/div>\n<form action=\"\/index.php\/wp-json\/wp\/v2\/pages\/503#wpcf7-f506-o1\" method=\"post\" class=\"wpcf7-form init\" novalidate=\"novalidate\" data-status=\"init\">\n<div style=\"display: none;\">\n<input type=\"hidden\" name=\"_wpcf7\" value=\"506\" \/>\n<input type=\"hidden\" name=\"_wpcf7_version\" value=\"5.4\" \/>\n<input type=\"hidden\" name=\"_wpcf7_locale\" value=\"en_US\" \/>\n<input type=\"hidden\" name=\"_wpcf7_unit_tag\" value=\"wpcf7-f506-o1\" \/>\n<input type=\"hidden\" name=\"_wpcf7_container_post\" value=\"0\" \/>\n<input type=\"hidden\" name=\"_wpcf7_posted_data_hash\" value=\"\" \/>\n<\/div>\n<div class=\"form js-contact-form contact--form contacts-page-form\">\n<div class=\"row\">\n<div class=\"col-md-6\">\n<label class=\"input-label\"><span class=\"wpcf7-form-control-wrap text-530\"><input type=\"text\" name=\"text-530\" value=\"\" size=\"40\" class=\"wpcf7-form-control wpcf7-text wpcf7-validates-as-required form-field input\" aria-required=\"true\" aria-invalid=\"false\" \/><\/span><span>Nombre<\/span><\/label>\n<\/div>\n<div class=\"col-md-6\">\n<label class=\"input-label\"><span class=\"wpcf7-form-control-wrap text-531\"><input type=\"text\" name=\"text-531\" value=\"\" size=\"40\" class=\"wpcf7-form-control wpcf7-text wpcf7-validates-as-required form-field input\" aria-required=\"true\" aria-invalid=\"false\" \/><\/span><span>Asunto<\/span><\/label>\n<\/div>\n<div class=\"col-md-6\">\n<label class=\"input-label\"><span class=\"wpcf7-form-control-wrap tel-724\"><input type=\"tel\" name=\"tel-724\" value=\"\" size=\"40\" class=\"wpcf7-form-control wpcf7-text wpcf7-tel wpcf7-validates-as-required wpcf7-validates-as-tel form-field input\" aria-required=\"true\" aria-invalid=\"false\" \/><\/span><span>Tel\u00e9fono<\/span><\/label>\n<\/div>\n<div class=\"col-md-6\">\n<label class=\"input-label\"><span class=\"wpcf7-form-control-wrap email-644\"><input type=\"email\" name=\"email-644\" value=\"\" size=\"40\" class=\"wpcf7-form-control wpcf7-text wpcf7-email wpcf7-validates-as-required wpcf7-validates-as-email form-field input\" aria-required=\"true\" aria-invalid=\"false\" \/><\/span><span>Email<\/span><\/label>\n<\/div>\n<div class=\"col-12\">\n<label class=\"textarea-label\"><span class=\"wpcf7-form-control-wrap textarea-428\"><textarea name=\"textarea-428\" cols=\"40\" rows=\"10\" class=\"wpcf7-form-control wpcf7-textarea form-field textarea\" aria-invalid=\"false\"><\/textarea><\/span><span>Comentarios<\/span><\/label>\n<\/div>\n<\/div>\n<div class=\"row\">\n<div class=\"col-12\">\n<div class=\"button-holder\">\n<button class=\"r-button r-button--transparent wpcf7-form-control wpcf7-submit\" type=\"submit\" data-hover=\"Enviar\"><span>Enviar<\/span><\/button>\n<\/div>\n<\/div>\n<\/div>\n<\/div>\n<div class=\"wpcf7-response-output\" aria-hidden=\"true\"><\/div><\/form><\/div><\/div>\t\t<\/div>\n\t\t\t\t<\/div>\n\t\t\t\t\t<\/div>\n\t\t<\/div>\n\t\t\t\t\t\t\t<\/div>\n\t\t<\/section>\n\t\t\t\t\t<\/div>\n\t\t<\/div>\n\t\t\t\t\t\t\t<\/div>\n\t\t<\/div>\n\t\t\t\t<div class=\"elementor-section elementor-top-section elementor-element elementor-element-15f186f5 elementor-section-stretched elementor-section-full_width elementor-section-height-default elementor-section-height-default\" data-id=\"15f186f5\" data-element_type=\"section\" data-settings=\"{&quot;stretch_section&quot;:&quot;section-stretched&quot;}\">\n\t\t\t\t\t\t<div class=\"elementor-container elementor-column-gap-no\">\n\t\t\t\t\t<div class=\"elementor-column elementor-col-100 elementor-top-column elementor-element elementor-element-6a908d8a\" data-id=\"6a908d8a\" data-element_type=\"column\">\n\t\t\t<div class=\"elementor-widget-wrap elementor-element-populated\">\n\t\t\t\t\t\t\t\t<div class=\"elementor-element elementor-element-5c98f928 elementor-widget elementor-widget-r-energy-contact-form-map-section\" data-id=\"5c98f928\" data-element_type=\"widget\" data-widget_type=\"r-energy-contact-form-map-section.default\">\n\t\t\t\t<div class=\"elementor-widget-container\">\n\t\t\t<div class=\"map-section section-contact\"><div class=\"contacts-banner\"><div class=\"container\"><div class=\"row\"><div class=\"col-12\"><div class=\"title-block\"><h2 class=\"title\">Estamos en...<\/h2><\/div><\/div><\/div><div class=\"row\"><div class=\"col-12\"><div class=\"address-block inner-block\"><p class=\"address\">Gran Via Carles III, 98, 10\u00ba | 08028 Barcelona<br> Espa\u00f1a<\/p><\/div><\/div><div class=\"col-12\"><div class=\"phones-block inner-block\"><p><a href=\"tel:+34 692 30 19 79\">+34 692 30 19 79<\/a><\/p>\n<\/div><\/div><div class=\"col-12\"><div class=\"mail-block inner-block\"><p><a href=\"mailto:hello@carfer.eneregy\">hello@carfer.energy<\/a><\/p>\n<\/div><\/div><\/div><\/div><\/div><\/div>\t\t<\/div>\n\t\t\t\t<\/div>\n\t\t\t\t\t<\/div>\n\t\t<\/div>\n\t\t\t\t\t\t\t<\/div>\n\t\t<\/div>\n\t\t\t\t<section class=\"elementor-section elementor-top-section elementor-element elementor-element-5740d09 elementor-section-boxed elementor-section-height-default elementor-section-height-default\" data-id=\"5740d09\" data-element_type=\"section\">\n\t\t\t\t\t\t<div class=\"elementor-container elementor-column-gap-default\">\n\t\t\t\t\t<div class=\"elementor-column elementor-col-100 elementor-top-column elementor-element elementor-element-c750d8b\" data-id=\"c750d8b\" data-element_type=\"column\">\n\t\t\t<div class=\"elementor-widget-wrap elementor-element-populated\">\n\t\t\t\t\t\t\t\t<div class=\"elementor-element elementor-element-320d17e elementor-widget elementor-widget-google_maps\" data-id=\"320d17e\" data-element_type=\"widget\" data-widget_type=\"google_maps.default\">\n\t\t\t\t<div class=\"elementor-widget-container\">\n\t\t\t<div class=\"elementor-custom-embed\"><iframe frameborder=\"0\" scrolling=\"no\" marginheight=\"0\" marginwidth=\"0\" src=\"https:\/\/maps.google.com\/maps?q=Gran%20Via%20Carles%20III%2C%2098&amp;t=m&amp;z=15&amp;output=embed&amp;iwloc=near\" title=\"Gran Via Carles III, 98\" aria-label=\"Gran Via Carles III, 98\"><\/iframe><\/div>\t\t<\/div>\n\t\t\t\t<\/div>\n\t\t\t\t\t<\/div>\n\t\t<\/div>\n\t\t\t\t\t\t\t<\/div>\n\t\t<\/section>\n\t\t\t\t<section class=\"elementor-section elementor-top-section elementor-element elementor-element-07f5740 elementor-section-boxed elementor-section-height-default elementor-section-height-default\" data-id=\"07f5740\" data-element_type=\"section\">\n\t\t\t\t\t\t<div class=\"elementor-container elementor-column-gap-default\">\n\t\t\t\t\t<div class=\"elementor-column elementor-col-100 elementor-top-column elementor-element elementor-element-b2f333e\" data-id=\"b2f333e\" data-element_type=\"column\">\n\t\t\t<div class=\"elementor-widget-wrap elementor-element-populated\">\n\t\t\t\t\t\t\t\t<div class=\"elementor-element elementor-element-a9dff02 elementor-widget-divider--view-line elementor-widget elementor-widget-divider\" data-id=\"a9dff02\" data-element_type=\"widget\" data-widget_type=\"divider.default\">\n\t\t\t\t<div class=\"elementor-widget-container\">\n\t\t\t\t\t<div class=\"elementor-divider\">\n\t\t\t<span class=\"elementor-divider-separator\">\n\t\t\t\t\t\t<\/span>\n\t\t<\/div>\n\t\t\t\t<\/div>\n\t\t\t\t<\/div>\n\t\t\t\t\t<\/div>\n\t\t<\/div>\n\t\t\t\t\t\t\t<\/div>\n\t\t<\/section>\n\t\t\t\t\t\t<\/div>\n\t\t\t\t\t<\/div>\n\t\t","protected":false},"excerpt":{"rendered":"<p>Carfer Energy Entra en contacto \u00bfTiene un proyecto en mente? Si desea m\u00e1s informaci\u00f3n sobre CARFER Energy o quiere ampliar informaci\u00f3n sobre alguno de los servicios que ofrecemos, no dude en ponerse en contacto con nosotros. Gracias! Env\u00edanos un Email Nombre Asunto Tel\u00e9fono Email Comentarios Enviar Estamos en&#8230; Gran Via Carles III, 98, 10\u00ba |&#8230;<\/p>\n","protected":false},"author":1,"featured_media":0,"parent":0,"menu_order":0,"comment_status":"closed","ping_status":"closed","template":"r-energy-elementor-page.php","meta":[],"_links":{"self":[{"href":"https:\/\/carfer.energy\/index.php\/wp-json\/wp\/v2\/pages\/503"}],"collection":[{"href":"https:\/\/carfer.energy\/index.php\/wp-json\/wp\/v2\/pages"}],"about":[{"href":"https:\/\/carfer.energy\/index.php\/wp-json\/wp\/v2\/types\/page"}],"author":[{"embeddable":true,"href":"https:\/\/carfer.energy\/index.php\/wp-json\/wp\/v2\/users\/1"}],"replies":[{"embeddable":true,"href":"https:\/\/carfer.energy\/index.php\/wp-json\/wp\/v2\/comments?post=503"}],"version-history":[{"count":19,"href":"https:\/\/carfer.energy\/index.php\/wp-json\/wp\/v2\/pages\/503\/revisions"}],"predecessor-version":[{"id":8511,"href":"https:\/\/carfer.energy\/index.php\/wp-json\/wp\/v2\/pages\/503\/revisions\/8511"}],"wp:attachment":[{"href":"https:\/\/carfer.energy\/index.php\/wp-json\/wp\/v2\/media?parent=503"}],"curies":[{"name":"wp","href":"https:\/\/api.w.org\/{rel}","templated":true}]}}